umber?
False
Is 35783431 a composite number?
False
Is 766796647 a composite number?
False
Is 479627 composite?
True
Is 51767171 prime?
True
Is 14102083 prime?
False
Is 2559983 a composite number?
False
Is 29959801 composite?
False
Is 729191 a prime number?
True
Is 11878891 a composite number?
False
Is 2128799 a composite number?
False
Is 664189 a prime number?
False
Is 2500999 a prime number?
True
Is 40906379 composite?
False
Is 424203293 composite?
False
Is 858931 prime?
True
Is 540317045 a prime number?
False
Is 1738193 composite?
True
Is 1052741 a composite number?
True
Is 53419 a prime number?
True
Is 237923131 prime?
False
Is 53313749 a prime number?
True
Is 81051253 prime?
False
Is 3302401 prime?
False
Is 6830339 a composite number?
False
Is 538367345 a composite number?
True
Is 344327929 a composite number?
True
Is 5237867 a prime number?
True
Is 464479 a composite number?
False
Is 1558757 composite?
False
Is 103564581 prime?
False
Is 73856869 a composite number?
True
Is 6555457 prime?
True
Is 1575897 a prime number?
False
Is 100381971 a prime number?
False
Is 24541427 a prime number?
True
Is 362592391 composite?
True
Is 851381 a prime number?
True
Is 603471149 a prime number?
True
Is 420928421 composite?
False
Is 154968301 a prime number?
False
Is 13009499 prime?
False
Is 5683303 composite?
False
Is 1202689 composite?
False
Is 14261839 a prime number?
False
Is 19991467 a composite number?
False
Is 26703298 composite?
True
Is 14747069 a composite number?
False
Is 4123939 a composite number?
True
Is 12226771 composite?
False
Is 12727399 a prime number?
True
Is 50662933 composite?
True
Is 19409059 a prime number?
True
Is 9958579 a prime number?
False
Is 2006257 a composite number?
True
Is 86625943 a prime number?
False
Is 6430189 a prime number?
False
Is 13502759 prime?
False
Is 14799959 prime?
True
Is 266751543 composite?
True
Is 79811207 a prime number?
False
Is 94669739 a prime number?
True
Is 74505299 a composite number?
True
Is 15371387 composite?
False
Is 186773141 a prime number?
True
Is 69038017 prime?
True
Is 6617081 a prime number?
False
Is 137682839 prime?
False
Is 9833443 composite?
True
Is 21818389 a prime number?
False
Is 335736679 a composite number?
False
Is 2222833 a prime number?
False
Is 555090563 a prime number?
False
Is 41161829 a composite number?
False
Is 974253967 prime?
False
Is 644617 composite?
False
Is 6427691 prime?
False
Is 30327191 composite?
False
Is 11068649 a composite number?
True
Is 50919433 a composite number?
False
Is 338175337 a composite number?
True
Is 81401 a prime number?
True
Is 43411099 a composite number?
True
Is 3633227 composite?
True
Is 47147663 a composite number?
True
Is 29364833 a prime number?
False
Is 183957233 prime?
True
Is 14295859 composite?
False
Is 352691 a prime number?
True
Is 283835719 prime?
False
Is 3721537 prime?
True
Is 5688971 a composite number?
False
Is 3662363 composite?
False
Is 43239737 prime?
False
Is 2787671 a composite number?
True
Is 153727139 composite?
False
Is 13877959 composite?
True
Is 74026105 prime?
False
Is 958025711 composite?
True
Is 3835123 a prime number?
True
Is 867773 prime?
True
Is 45334934 prime?
False
Is 15177307 prime?
True
Is 48147971 prime?
False
Is 210461 prime?
True
Is 36790577 a composite number?
False
Is 41044139 a prime number?
True
Is 8103413 prime?
False
Is 149125777 a prime number?
True
Is 104657447 a composite number?
True
Is 615797099 a composite number?
False
Is 4996913 a composite number?
False
Is 163561967 prime?
True
Is 804310003 prime?
False
Is 8650121 a composite number?
False
Is 12034303 a composite number?
True
Is 692693 a composite number?
True
Is 15698887 a composite number?
False
Is 233236801 a composite number?
True
Is 3881741 composite?
False
Is 31371169 composite?
False
Is 4261261 prime?
True
Is 343635667 composite?
False
Is 14020849 composite?
True
Is 65902367 a composite number?
True
Is 17568127 a prime number?
True
Is 50102617 composite?
False
Is 27635687 composite?
False
Is 124133 prime?
True
Is 16621811 prime?
True
Is 885667 composite?
True
Is 20552879 prime?
True
Is 22023691 a composite number?
False
Is 574357 a prime number?
False
Is 38688439 composite?
True
Is 8457727 a composite number?
False
Is 22264439 a composite number?
False
Is 28015987 a prime number?
True
Is 2703373 a prime number?
True
Is 29551351 prime?
False
Is 2279729 a prime number?
False
Is 15043783 prime?
True
Is 5130047 prime?
False
Is 6236507 composite?
False
Is 1788466 a composite number?
True
Is 10588217 prime?
True
Is 44574449 a prime number?
True
Is 7600727 a prime number?
True
Is 67008647 composite?
True
Is 6694249 a prime number?
True
Is 3430027 prime?
True
Is 36548089 a composite number?
True
Is 77113535 prime?
False
Is 24554661 a composite number?
True
Is 65464897 a composite number?
False
Is 50311241 composite?
False
Is 4435001 a composite number?
False
Is 2660719 composite?
False
Is 9577859 prime?
False
Is 93946603 a prime number?
True
Is 132708463 a composite number?
False
Is 119060827 a composite number?
False
Is 187618 composite?
True
Is 11125193 a composite number?
False
Is 11442409 a composite number?
True
Is 2745541 prime?
True
Is 3156991 a composite number?
False
Is 27083261 a composite number?
True
Is 669953 composite?
True
Is 2338513 composite?
True
Is 20197391 a prime number?
True
Is 232390967 a prime number?
False
Is 151724297 a prime number?
True
Is 10219535 a composite number?
True
Is 16082501 a prime number?
False
Is 5666539 composite?
False
Is 45179 composite?
False
Is 9335759 composite?
False
Is 2181937 a prime number?
True
Is 16335401 a composite number?
True
Is 627088897 composite?
False
Is 2186974 a composite number?
True
Is 2783461 prime?
False
Is 238954301 prime?
True
Is 617647 composite?
False
Is 2384017 a prime number?
True
Is 15812031 a prime number?
False
Is 1149359 prime?
False
Is 5128789 a composite number?
False
Is 13909333 composite?
False
Is 4087303 a composite number?
True
Is 6203849 prime?
True
Is 1138301 a prime number?
False
Is 12560993 composite?
False
Is 1606396105 composite?
True
Is 2865659 a composite number?
False
Is 2788207 composite?
True
Is 563387 a composite number?
True
Is 8940083 a prime number?
True
Is 80674423 prime?
False
Is 17157662 composite?
True
Is 3506021 prime?
False
Is 9182335 a composite number?
True
Is 5838557 a prime number?
True
Is 16363813 composite?
False
Is 13351309 prime?
False
Is 162966511 a prime number?
True
Is 15171098 composite?
True
Is 7276003 composite?
True
Is 2450503 a prime number?
False
Is 1768639 a composite number?
False
Is 4525593 a prime number?
False
Is 490597 a prime number?
False
Is 1981347 prime?
False
Is 2567519 composite?
False
Is 648859 composite?
False
Is 3264477 a composite number?
True
Is 12663073 prime?
True
Is 8125174 prime?
False
Is 337191 composite?
True
Is 6623159 a composite number?
False
Is 2784853 prime?
True
Is 29517869 composite?
True
Is 764783 a composite number?
False
Is 1847093 a composite number?
False
Is 149078987 a prime number?
True
Is 210091793 a composite number?
True
Is 82736387 a prime number?
True
Is 346081521 composite?
True
Is 10572041 prime?
False
Is 52471577 a prime number?
True
Is 187404941 composite?
False
Is 2969389 a composite number?
False
Is 115639683 a composite number?
True
Is 436179077 a prime number?
True
Is 803485 composite?
True
Is 331670597 prime?
True
Is 527273 composite?
False
Is 8070371 a prime number?
True
Is 671501 a composite number?
False
Is 1217981 composite?
True
Is 20668891 composite?
False
Is 172673021 prime?
True
Is 913637 composite?
False
Is 13421959 prime?
False
Is 821213 prime?
False
Is 7392239 a prime number?
True
Is 2354833 a prime number?
False
Is 3358889 a composite number?
False
Is 577058629 composite?
True
Is 628738609 composite?
True
Is 440457035 a prime number?
False
Is 50027441 a prime number?
False
Is 6337477 prime?
False
Is 33898379 a prime number?
True
Is 21871 a prime number?
True
Is 30450721 a composite number?
True
Is 26813387 composite?
True
Is 135162557 prime?
False
Is 5021407 a composite number?
False
Is 528571 a composite number?
True
Is 43142167 prime?
True
Is 2107481 a composite number?
True
Is 23125651 prime?
True
Is 1796161 a prime number?
False
Is 11672695 prime?
Fals